{"id":65,"date":"2021-04-10T15:46:38","date_gmt":"2021-04-10T15:46:38","guid":{"rendered":"http:\/\/ozvarsaksurucukursu.com\/?page_id=65"},"modified":"2021-04-11T21:00:21","modified_gmt":"2021-04-11T21:00:21","slug":"sss","status":"publish","type":"page","link":"http:\/\/ozvarsaksurucukursu.com\/?page_id=65","title":{"rendered":"SSS"},"content":{"rendered":"<p>[et_pb_section fb_built=&#8221;1&#8243; _builder_version=&#8221;4.9.2&#8243; _module_preset=&#8221;default&#8221; global_module=&#8221;100&#8243;][et_pb_row _builder_version=&#8221;4.9.2&#8243; _module_preset=&#8221;default&#8221; background_color=&#8221;#0C71C3&#8243; border_radii=&#8221;on|30px|30px|30px|30px&#8221;][et_pb_column type=&#8221;4_4&#8243; _builder_version=&#8221;4.9.2&#8243; _module_preset=&#8221;default&#8221;][et_pb_text _builder_version=&#8221;4.9.2&#8243; _module_preset=&#8221;default&#8221; text_text_color=&#8221;#FFFFFF&#8221; text_font_size=&#8221;25px&#8221; text_orientation=&#8221;center&#8221; text_text_shadow_style=&#8221;preset1&#8243;]<\/p>\n<p>SIK SORULAN SORULAR ???<\/p>\n<p>[\/et_pb_text][\/et_pb_column][\/et_pb_row][et_pb_row _builder_version=&#8221;4.9.2&#8243; _module_preset=&#8221;default&#8221;][et_pb_column type=&#8221;4_4&#8243; _builder_version=&#8221;4.9.2&#8243; _module_preset=&#8221;default&#8221;][et_pb_accordion _builder_version=&#8221;4.9.2&#8243; _module_preset=&#8221;default&#8221; hover_enabled=&#8221;0&#8243; sticky_enabled=&#8221;0&#8243;][et_pb_accordion_item title=&#8221;KURSLAR NE ZAMAN A\u00c7ILIYOR ?&#8221; open=&#8221;on&#8221; _builder_version=&#8221;4.9.2&#8243; _module_preset=&#8221;default&#8221;]<\/p>\n<p>Her ay\u0131n 1. ve 10. g\u00fcn\u00fcnde d\u00f6nem a\u00e7\u0131l\u0131\u015flar\u0131 bulunur.<br \/>Bu Tarihlere Kadar Kay\u0131t Yapt\u0131rabilirsiniz.<\/p>\n<p>[\/et_pb_accordion_item][et_pb_accordion_item title=&#8221;EHL\u0130YET ALMA YA\u015eLARI KA\u00c7TIR ?&#8221; _builder_version=&#8221;4.9.2&#8243; _module_preset=&#8221;default&#8221; open=&#8221;off&#8221;]<\/p>\n<p><a href=\"http:\/\/ozvarsaksurucukursu.com\/wp-content\/uploads\/2021\/04\/surucu-belgesi-cesitleri-yas-ve-deneyim.jpg\"><img loading=\"lazy\" src=\"http:\/\/ozvarsaksurucukursu.com\/wp-content\/uploads\/2021\/04\/surucu-belgesi-cesitleri-yas-ve-deneyim.jpg\" width=\"602\" height=\"655\" alt=\"\" class=\"wp-image-106 aligncenter size-full\" srcset=\"http:\/\/ozvarsaksurucukursu.com\/wp-content\/uploads\/2021\/04\/surucu-belgesi-cesitleri-yas-ve-deneyim.jpg 602w, http:\/\/ozvarsaksurucukursu.com\/wp-content\/uploads\/2021\/04\/surucu-belgesi-cesitleri-yas-ve-deneyim-480x522.jpg 480w\" sizes=\"(min-width: 0px) and (max-width: 480px) 480px, (min-width: 481px) 602px, 100vw\" \/><\/a><\/p>\n<p>[\/et_pb_accordion_item][et_pb_accordion_item title=&#8221;KAYIT \u0130\u00c7\u0130N GEREKL\u0130 EVRAKLAR NELERD\u0130R ?&#8221; _builder_version=&#8221;4.9.2&#8243; _module_preset=&#8221;default&#8221; open=&#8221;off&#8221;]<\/p>\n<ul>\n<li>8 Biometrik Foto\u011fraf<\/li>\n<li>Sa\u011fl\u0131k Raporu<\/li>\n<li>\u00d6\u011frenim Durum Belgesi<\/li>\n<li>Kan Grubu<\/li>\n<\/ul>\n<p>[\/et_pb_accordion_item][et_pb_accordion_item title=&#8221;KURS SAATLER\u0130N\u0130Z HAKKINDA B\u0130LG\u0130 VER\u0130R M\u0130S\u0130N\u0130Z ?&#8221; _builder_version=&#8221;4.9.2&#8243; _module_preset=&#8221;default&#8221; open=&#8221;off&#8221;]<\/p>\n<p>Teori Dersler y\u00fcz y\u00fcze e\u011fitim<strong><\/p>\n<p>D\u0130REKS\u0130YON E\u011e\u0130T\u0130M\u0130 : <br \/><\/strong>A1-A2 &#8211; B ehliyeti\u00a0 16 saat &#8211; 14 saat <\/p>\n<ul>\n<li>Direksiyon Ders Saati &gt; 16 saattir 2 saat Ara\u00e7 Tan\u0131t\u0131m<\/li>\n<li>11 saat akan trafik \u2013 3 saat s\u0131nav \u00f6ncesi haz\u0131rl\u0131k<br \/><strong><br \/>TEOR\u0130 DERSLER\u0130 34 saat<\/strong><\/li>\n<li>16 Saat Trafik \u00c7evre Bilgisi<\/li>\n<li>4 Saat Trafik Adab\u0131<\/li>\n<li>6 Saat Ara\u00e7 Tekni\u011fi Dersi<\/li>\n<li>6 Saat \u0130lk Yard\u0131m Dersi Aras\u0131nda<strong>\n<p><\/strong><\/li>\n<\/ul>\n<p>[\/et_pb_accordion_item][et_pb_accordion_item title=&#8221;KURS SAATLER\u0130 NE ZAMAN ?&#8221; _builder_version=&#8221;4.9.2&#8243; _module_preset=&#8221;default&#8221; open=&#8221;off&#8221;]<\/p>\n<p>Ak\u015fam grubu: 17.00 \u2013 20.50 aras\u0131nda pandemi nedeniyle \u00a017.00 \u2013 22.00<\/p>\n<p>G\u00fcnd\u00fcz Grubu : Mevcut say\u0131ya ula\u015f\u0131r ise a\u00e7\u0131l\u0131yor.<\/p>\n<p>[\/et_pb_accordion_item][et_pb_accordion_item title=&#8221;ARA\u00c7LARINIZ HAKKINDA B\u0130LG\u0130 VER\u0130RM\u0130S\u0130N\u0130Z ?&#8221; _builder_version=&#8221;4.9.2&#8243; _module_preset=&#8221;default&#8221; open=&#8221;off&#8221;]<\/p>\n<p>Ara\u00e7lar\u0131m\u0131z Dacia \u2013 Stepway 2017 Model \u2013 Dizel Manuel\u2019dir<\/p>\n<p>[\/et_pb_accordion_item][et_pb_accordion_item title=&#8221;D\u0130REKS\u0130YON E\u011e\u0130T\u0130M\u0130NDE KADIN VE ERKEK USTA \u00d6\u011eRET\u0130C\u0130 VARMI ? SE\u00c7EB\u0130L\u0130YORMUYUZ ?&#8221; _builder_version=&#8221;4.9.2&#8243; _module_preset=&#8221;default&#8221; open=&#8221;off&#8221;]<\/p>\n<p>Erkek Kad\u0131n usta \u00f6\u011freticilerimiz vard\u0131r. Durumu G\u00f6re Se\u00e7ebilirsiniz..<\/p>\n<p>[\/et_pb_accordion_item][et_pb_accordion_item title=&#8221;D\u0130REKS\u0130YON DERSLER\u0130 NEZAMAN VE NE KADAR S\u00dcR\u00dcYOR ?&#8221; _builder_version=&#8221;4.9.2&#8243; _module_preset=&#8221;default&#8221; open=&#8221;off&#8221;]<\/p>\n<ul>\n<li>-Direksiyon E\u011fitimleri \u0130\u00e7in Usta \u00d6\u011freticiler Taraf\u0131ndan Randevu \u015eeklinde:<\/li>\n<li>Toplam 1 saat (g\u00fcnde) 50 dk ders + 10 dk teneff\u00fcs ya da 45 dk ders-15 dk teneff\u00fcs \u015feklinde yap\u0131lmaktad\u0131r.<\/li>\n<\/ul>\n<p>[\/et_pb_accordion_item][et_pb_accordion_item title=&#8221;D\u0130REKS\u0130YON DERSLER\u0130 NE ZAMAN VE NE KADAR S\u00dcR\u00dcYOR ?&#8221; _builder_version=&#8221;4.9.2&#8243; _module_preset=&#8221;default&#8221; open=&#8221;off&#8221;]<\/p>\n<p>Direksiyon E\u011fitimleri \u0130\u00e7in Usta \u00d6\u011freticiler Taraf\u0131ndan Randevu \u015eeklinde:<\/p>\n<p>Toplam 1 saat (g\u00fcnde) 50 dk ders + 10 dk teneff\u00fcs ya da 45 dk ders-15 dk teneff\u00fcs \u015feklinde yap\u0131lmaktad\u0131r.<\/p>\n<p>[\/et_pb_accordion_item][et_pb_accordion_item title=&#8221;SINAV VE EHL\u0130YET HAR\u00c7 \u00dcCRETLER\u0130 NELERD\u0130R ?&#8221; _builder_version=&#8221;4.9.2&#8243; _module_preset=&#8221;default&#8221; open=&#8221;off&#8221;]<\/p>\n<p>Her sene Ba\u015f\u0131nda Bakanl\u0131\u011f\u0131n belirlemi\u015f oldu\u011fu fiyat listesi g\u00fcnceldir<br \/>2021 <br \/>A1 \u2013 A2 (Motor) \u00a0543 \u20ba <br \/>B (Ara\u00e7) 1090 \u20ba<\/p>\n<ul>\n<li>Ara\u00e7 (B) ehliyeti olan adaylar\u0131rm\u0131z A1-A2 (motor ehliyeti) i\u00e7in sadece istenilen evraklarla teori derslerinde muaf olacak direksiyon s\u0131nav\u0131na dahil olur.<\/li>\n<li>Ehliyet Dosyas\u0131na kadar s\u00fcre 45 g\u00fcn, pandemi nedeniyle de\u011fi\u015fiklik olabilir. Yaz\u0131l\u0131 ve direksiyondan kalanlar i\u00e7in bu s\u00fcre de\u011fi\u015fiklik olabilir.<\/li>\n<li>Yaz\u0131l\u0131dan kalanlar ekstra har\u00e7 \u00f6demesi yap\u0131l\u0131r. 15 g\u00fcn yasal s\u00fcre beklenir. Tekrar sisteme giri\u015f olur.<\/li>\n<li>Yaz\u0131l\u0131y\u0131 ge\u00e7ip direksiyondan kalanlar i\u00e7in ekstra har\u00e7 \u00fccreti olarak \u00fccret al\u0131n\u0131r. Bu \u00fccretle 2 saat s\u0131nav \u00f6ncesi haz\u0131rl\u0131k yap\u0131l\u0131r Bu e\u011fitim zorunludur.<\/li>\n<li>*Sertifikay\u0131 kazananlar 2 sene i\u00e7inde har\u00e7 \u00f6demesi ve n\u00fcfus genel m\u00fcd\u00fcrl\u00fc\u011f\u00fcne i\u015fletebilirler.<\/li>\n<\/ul>\n<p>[\/et_pb_accordion_item][et_pb_accordion_item title=&#8221;D\u0130\u011eER KURALLAR&#8221; _builder_version=&#8221;4.9.2&#8243; _module_preset=&#8221;default&#8221; open=&#8221;off&#8221;]<\/p>\n<p><strong>D\u0130\u011eER KURALLAR<\/strong><br \/>*Kurs \u00f6demesi bitirmeyen kursiyerlere dosya teslimi yap\u0131lmamaktad\u0131r.<\/p>\n<p>*Anla\u015f\u0131lan kurs \u00f6demelerini anla\u015fma esnas\u0131nda belirtilen zaman i\u00e7erisinde yap\u0131lmas\u0131 zorunludur.<\/p>\n<p>Kursumuza gelirken hes zorunlulu\u011fu vard\u0131r.<\/p>\n<p>*Yaz\u0131lan 4 hak bulunmaktad\u0131r. 4 hakk\u0131nda ba\u015far\u0131s\u0131z olan adaylar\u0131n dosya hakk\u0131 biter. Dosyay\u0131 kaybeden adaylar Kurs \u00f6demelerini bitirmek zorundad\u0131r. S\u0131navda 70 Puan ve \u00fczeri ba\u015far\u0131l\u0131 say\u0131l\u0131r.<\/p>\n<p>*Direksiyon s\u0131nav\u0131 hakk\u0131 4\u2019t\u00fcr 4 hakk\u0131nda ba\u015far\u0131s\u0131z olan adaylar. Belirli bir \u00fccret kar\u015f\u0131l\u0131\u011f\u0131nda tekrar 4 hak sat\u0131n alabilirler.<\/p>\n<p>*Dosya kazanan adaylar\u0131m\u0131z 2 sene boyunca sistemlerinde \u201cStajyer S\u00fcr\u00fcc\u00fc\u201d olarak g\u00f6z\u00fckecek olup alkoll\u00fc yakalanma(direk)<\/p>\n<p>*\u00dc\u00e7 kez ayn\u0131 hatadan ve farkl\u0131 hatalarda ceza yemesi ehliyet iptaline kadar gidiyor. Pisikoteknik raporu alarak tekrar MTSK\u2019lara ba\u015fvuru yap\u0131labilir.<\/p>\n<p>[\/et_pb_accordion_item][et_pb_accordion_item title=&#8221;COV\u0130D 19 SALGIN TEDB\u0130RLER\u0130N\u0130Z NELERD\u0130R ?&#8221; _builder_version=&#8221;4.9.2&#8243; _module_preset=&#8221;default&#8221; hover_enabled=&#8221;0&#8243; sticky_enabled=&#8221;0&#8243;]<\/p>\n<p>Kursumuzda Covid 19 Tedbirleri ile ilgili:\u00a0<\/p>\n<ul>\n<li>HES Kodu G\u00f6sterme Zorunlulu\u011fu<\/li>\n<li>Maske Zorunlulu\u011fu\u00a0<\/li>\n<li>Sosyal Mesafe<\/li>\n<li>Ate\u015f \u00d6l\u00e7\u00fcm\u00fc<\/li>\n<\/ul>\n<p>[\/et_pb_accordion_item][\/et_pb_accordion][\/et_pb_column][\/et_pb_row][\/et_pb_section]<\/p>\n","protected":false},"excerpt":{"rendered":"<p>[et_pb_section fb_built=&#8221;1&#8243; _builder_version=&#8221;4.9.2&#8243; _module_preset=&#8221;default&#8221; global_module=&#8221;100&#8243;][et_pb_row _builder_version=&#8221;4.9.2&#8243; _module_preset=&#8221;default&#8221; background_color=&#8221;#0C71C3&#8243; border_radii=&#8221;on|30px|30px|30px|30px&#8221;][et_pb_column type=&#8221;4_4&#8243; _builder_version=&#8221;4.9.2&#8243; _module_preset=&#8221;default&#8221;][et_pb_text _builder_version=&#8221;4.9.2&#8243; _module_preset=&#8221;default&#8221; text_text_color=&#8221;#FFFFFF&#8221; text_font_size=&#8221;25px&#8221; text_orientation=&#8221;center&#8221; text_text_shadow_style=&#8221;preset1&#8243;] SIK SORULAN SORULAR ??? [\/et_pb_text][\/et_pb_column][\/et_pb_row][et_pb_row _builder_version=&#8221;4.9.2&#8243; _module_preset=&#8221;default&#8221;][et_pb_column type=&#8221;4_4&#8243; _builder_version=&#8221;4.9.2&#8243; _module_preset=&#8221;default&#8221;][et_pb_accordion _builder_version=&#8221;4.9.2&#8243; _module_preset=&#8221;default&#8221; hover_enabled=&#8221;0&#8243; sticky_enabled=&#8221;0&#8243;][et_pb_accordion_item title=&#8221;KURSLAR NE ZAMAN A\u00c7ILIYOR ?&#8221; open=&#8221;on&#8221; _builder_version=&#8221;4.9.2&#8243; _module_preset=&#8221;default&#8221;] Her ay\u0131n 1. ve 10. g\u00fcn\u00fcnde d\u00f6nem a\u00e7\u0131l\u0131\u015flar\u0131 bulunur.Bu Tarihlere Kadar Kay\u0131t Yapt\u0131rabilirsiniz. [\/et_pb_accordion_item][et_pb_accordion_item title=&#8221;EHL\u0130YET [&hellip;]<\/p>\n","protected":false},"author":2,"featured_media":0,"parent":0,"menu_order":0,"comment_status":"closed","ping_status":"closed","template":"","meta":{"_et_pb_use_builder":"on","_et_pb_old_content":".","_et_gb_content_width":""},"_links":{"self":[{"href":"http:\/\/ozvarsaksurucukursu.com\/index.php?rest_route=\/wp\/v2\/pages\/65"}],"collection":[{"href":"http:\/\/ozvarsaksurucukursu.com\/index.php?rest_route=\/wp\/v2\/pages"}],"about":[{"href":"http:\/\/ozvarsaksurucukursu.com\/index.php?rest_route=\/wp\/v2\/types\/page"}],"author":[{"embeddable":true,"href":"http:\/\/ozvarsaksurucukursu.com\/index.php?rest_route=\/wp\/v2\/users\/2"}],"replies":[{"embeddable":true,"href":"http:\/\/ozvarsaksurucukursu.com\/index.php?rest_route=%2Fwp%2Fv2%2Fcomments&post=65"}],"version-history":[{"count":6,"href":"http:\/\/ozvarsaksurucukursu.com\/index.php?rest_route=\/wp\/v2\/pages\/65\/revisions"}],"predecessor-version":[{"id":112,"href":"http:\/\/ozvarsaksurucukursu.com\/index.php?rest_route=\/wp\/v2\/pages\/65\/revisions\/112"}],"wp:attachment":[{"href":"http:\/\/ozvarsaksurucukursu.com\/index.php?rest_route=%2Fwp%2Fv2%2Fmedia&parent=65"}],"curies":[{"name":"wp","href":"https:\/\/api.w.org\/{rel}","templated":true}]}}